late c(g).
4
Let u(k) = -5*k**2 - 9*k + 1 + 0 + 3. Let s(x) = -x**2 - x - 1. Let v(a) = -4*s(a) + u(a). Suppose -29 = 5*f - 3*p - 17, -3*p = -2*f + 6. Give v(f).
2
Let t(l) be the first derivative of -l**4/4 + l**3 + 7*l**2/2 - 2*l - 936. Calculate t(4).
10
Let n = -36 - -157. Let l = -124 + n. Let i(m) = m**3 + 7*m**2 + 3*m - 1. Determine i(l).
26
Let u = 154 - 72. Let x = u - 80. Let y(p) be the second derivative of -p**5/20 + p**4/6 + p**2/2 - 12*p. Calculate y(x).
1
Let v(u) = -8*u + u + 2*u - 811 + 410 + u**2 + 418. Determine v(6).
23
Suppose 0*y + 12 = y - 3*l, 5*l + 20 = -y. Let h(f) = -5*f - 10. Let g be h(-2). Let a(q) = -4*q + g*q - 3*q + 8*q. Calculate a(y).
0
Let h be 0 + 4/14 - 1128/(-168). Let f(z) = -4*z - z + h*z. Suppose 4*o - 4*n - 20 = 0, 1 - 10 = -o + 3*n. Give f(o).
6
Suppose -52*m + 53*m = -s + 8, 4*m - 12 = s. Let f(i) = -6*i**2 - 3 - 443*i**3 + 4*i + i + 444*i**3. Give f(s).
-15
Let r be 66/4*(-4)/(-6). Let b(o) = -15*o + 10. Let d(t) = 1. Let m(v) = -b(v) - 4*d(v). Let z(i) = 3*i - 3. Let h(s) = r*z(s) - 2*m(s). Calculate h(4).
7
Suppose -19*k - 3209 = -475*k + 439. Let w(i) = -i**3 + 13*i**2 - i - 3. Let g(h) = h**2. Let m(p) = 5*g(p) - w(p). Give m(k).
11
Let l(n) = n**2 - 16*n + 5. Let d be l(16). Let y(f) = 7*f**2 - 16. Let p(r) = 6*r**2 - 14. Let i(m) = d*y(m) - 6*p(m). Calculate i(3).
-5
Let a be 7/(-15 + -6)*(1 - 10). Let n(j) = a*j**2 + 0*j - 7*j - 11*j**2 + 7 + 7*j**2. Calculate n(-6).
13
Let a = -5718 + 5724. Let p(f) = f**2 - 2*f - 19. Determine p(a).
5
Let j(m) = 100*m**2 + 2*m - 3. Let t = 27094 + -27093. Give j(t).
99
Suppose t + 8*c = 13*c + 39, -c - 80 = -4*t. Let n(z) = -9*z + 172. Let d be n(t). Let r(b) = 8*b**3 - b**2 + 1. Calculate r(d).
8
Let t(i) = -i**3 - 4*i**2 - i - 2. Let g(d) = -d**3 + d**2 + 5*d - 2. Let m be g(3). Let l be -65*(0 + (-2)/m). Let x = 23 + l. Determine t(x).
-8
Let m be (-156)/78 - (0 + -4). Let p(y) = 3*y**3 - 7*y**2 + 6*y + 6. Let f(s) = s**3 - s**2 + s + 2. Let v(j) = m*f(j) - p(j). Let r = -4 + 8. Determine v(r).
-2
Let b(j) = j**2 - j - 2. Let q be b(4). Suppose -9*l = -q*l + 7. Let i(y) = y**2 - 5*y - 8. Give i(l).
6
Let y be 2 - -3 - (20 - (-7)/(-35)*5). Let w(b) = b**3 + 14*b**2 + 3*b + 32. Calculate w(y).
-10
Let n(b) = -b**2 - 10*b - 6. Let z = -62 - 181. Let w = z - -233. What is n(w)?
-6
Let k = -2446 - -2438. Let l(u) = -4*u - 10. What is l(k)?
22
Let m be -2 - -9*36/162. Let w(b) = -b**2 - 8*b - 3. Give w(m).
-3
Let z(b) = -3*b + 12. Suppose 0 = -119*a - 246 + 1555. Determine z(a).
-21
Let f be (6 - 7) + 10 - 6. Let b(j) = j + 3 - 13*j**f + 22*j**3 + 3*j**2 - 10*j**3. Give b(4).
-9
Let v(k) be the third derivative of -k**6/120 + 7*k**5/60 - 7*k**4/24 + k**3/2 + 153*k**2 + 2*k. Suppose 5*g + 6 = 6*g. Determine v(g).
-3
Let d(q) be the third derivative of q**4/24 - q**3/2 - 3*q**2. Suppose 13*s - 8 = 5*s. Let r be (-89)/13 + (10/(-65))/s. What is d(r)?
-10
Let f(r) = -r**2 + 17*r - 16. Suppose -1430*u = -1462*u + 512. Give f(u).
0
Suppose 3*j = -5*f + 82, -66*f + 2*j = -65*f - 6. Let x(o) = -4*o**2 + 55*o - 13. Calculate x(f).
-27
Suppose -5*h = w - 5*w, 0 = -10*h + 7*h + 3*w. Let v(m) be the second derivative of 0*m**4 + 15/2*m**2 + 15*m + 1/6*m**3 + h + 1/20*m**5. What is v(0)?
15
Suppose -2*r = 3 + 11. Let n(f) = 57*f - 397. Let l be n(7). Let u(s) = 23*s**2 + 23*s**l + 2 - 53*s**2 + 1 + 15*s**2 + 6*s + s**3. Determine u(r).
10
Suppose 4*n + 5*s = 7 - 1, n - 3*s = 10. Let r(y) = -5*y - y**2 + 3 - n + 4. Let c be -2*(-69)/(-115)*25/6. What is r(c)?
3
Let w = 1 + 1. Let b(n) = 22 + 1449*n - 11 - 1450*n - 12. Calculate b(w).
-3
Let j(a) be the third derivative of a**4/8 - 5*a**3/3 + 74*a**2. Let d(z) = -7*z + 19. Let u(k) = 2*d(k) + 5*j(k). What is u(15)?
3
Let x(z) = 4*z**3 - z. Let m be 4/(4 + -5) + (-6)/(-1). Let g(u) = 4*u**3 - u**2 - 4 - 4*u + 7 - 3*u**3. Let t be g(m). Determine x(t).
-3
Let d(j) be the second derivative of -1/3*j**3 + 0*j**4 - 118*j - 1/2*j**2 - 9/20*j**5 + 0. What is d(-1)?
10
Suppose -2*h + 254 = 30. Let q = -107 + h. Let x(y) = 5*y - 24. Calculate x(q).
1
Let a(z) = z**3 + 9*z**2 + 9*z + 12. Suppose -4*i = -3*b - 55, 65*b - 62*b + 13 = -2*i. What is a(b)?
-69
Suppose -4*t + 0*t + 52 = 0. Let d = 4 - t. Let f(u) = -4*u - 40. Let x(b) = -17*b - 175. Let n(h) = -9*f(h) + 2*x(h). Determine n(d).
-8
Let i = -1 + 1. Let d(o) = -1 + i - o + 0*o. Suppose -4*s - 4 = -121*r + 119*r, -3 = 2*r + 3*s. Give d(r).
-1
Let r(w) = w**2 + 24*w - 6. Let y(l) = l**2 + 31*l - 5. Let s(o) = 4*r(o) - 3*y(o). Give s(3).
9
Let b(h) = -5*h**2 - 38*h - 18. Let l be b(-7). Suppose l*g - 4 = -v, -5*v + 9*g - 31 = 7*g. Let s(m) = -2*m + 7. Calculate s(v).
17
Let t = 20 + -8. Suppose 2*x + t = 14. Let k(y) = 3 - x - y**3 + 3 + 4*y - 4 + 2*y**2. What is k(3)?
4
Suppose 3*m = 4*q + 98, -4*q + 0*q = -4*m + 124. Let j be ((-6)/4)/(13/m). Let k(p) = -9*p + 3. Calculate k(j).
30
Let s(c) be the second derivative of 2*c - 1/6*c**3 - 3/2*c**2 + 88 + 1/12*c**4. Give s(0).
-3
Suppose -4*z = -4*g + 12, z - 2*z = g - 5. Let p(x) = -6*x**2 + 0*x**3 - z - 10*x**2 + 18*x**2 - 8*x**2 + x - x**3. Give p(-6).
-7
Let j(c) = -7*c**3 + 17*c**2 + 8*c - 42. Let n(x) = 20*x**3 - 50*x**2 - 25*x + 121. Let f(q) = -17*j(q) - 6*n(q). Give f(12).
12
Let v(p) = -33*p + 1261. Let d(q) = 7*q - 283. Let u(k) = 9*d(k) + 2*v(k). Let b be (6/(-4))/((-6)/(-40)). Calculate u(b).
5
Let s(l) = l - 1. Suppose -17 = -2*y - 9. Suppose -2*c - 20 = -5*r + 3*r, y*c = -16. What is s(r)?
5
Let i = -36 + 36. Let b be -2*2 - i - (3 - 10). Let v(y) = -8 + b*y**3 + 22*y**2 - 4*y - 14*y**2 + 0*y**3 - 4*y**3. Calculate v(7).
13
Let s(v) = 32*v - 14*v + 121 + 13*v. Let m be s(-4). Let a(k) = -k**2 + 2 - 4*k - k**2 + 2*k - k**3 + 2. Give a(m).
19
Let j(n) = -n**3 - 5*n**2 - 4*n + 1. Suppose 0 = -9*u - 2091 - 582. Let m = 294 + u. What is j(m)?
-5
Let q be 4/3*(-12)/8. Let j be 1/(1*q/4). Let o(i) be the first derivative of -3*i**4/4 - i**3/3 + 3*i**2/2 + 2*i + 22027. Give o(j).
16
Suppose 0 = -z + 6*z - 45. Let l(v) = -v**2 + 8*v + 8. Let a be l(z). Let q(t) = -2*t**3 + 289*t - 289*t. Determine q(a).
2
Let i be (-1134)/(-98) + -12 - 396/(-42). Let u(n) = 2*n**2 - 14*n - 3. Calculate u(i).
33
Let v(r) = -r**3 + 41*r**2 + 3*r - 82. Let h be v(41). Suppose -125 = -14*d - h. Let u(g) = 2*g - 17. What is u(d)?
-5
Let k(h) = -h - 8. Let t(a) = -a - 7. Let n(j) = -4*k(j) + 5*t(j). Let u(o) = -5*o - 31. Let f be u(-7). Suppose -f*x = 8*x - 48. Give n(x).
-7
Let i(y) = y**2 + 2*y. Suppose 0 = 90*v - 97*v + 140. Suppose v*z + 18*z + 152 = 0. Give i(z).
8
Let v(h) = h**2 + 12*h + 8. Let t(a) = -4*a + 177. Let x be t(47). Calculate v(x).
-3
Let b(w) = -w + 6. Suppose 218 = -6*g - 1036. Let j = 216 + g. Determine b(j).
-1
Let f(n) = -n**2 + 5*n + 3. Suppose 0 = -2*p + u - 16, 3*u = -4*p - p - 18. Determine f(p).
-63
Let q(i) = -i**2 - 3*i + 4. Let l be q(-5). Let u(c) be the first derivative of -21 - 1/3*c**3 - 7/2*c**2 - 3*c. What is u(l)?
3
Let u(o) be the second derivative of -5*o**4/6 - 23*o**3/3 + 23*o**2/2 + 500*o. What is u(-5)?
3
Let i(b) = b**2 + 25*b - 18. Suppose 78 = -108*t + 105*t. Determine i(t).
8
Let f(n) = n**3 + 14*n**2 + n + 17. Let u be f(-14). Suppose 5*a = 3*t + 2*t, t = u*a - 6. Let x(p) = p**2 + 2 - p - a*p + p**2. Determine x(2).
2
Suppose 2*n - 5*c - 29 = 0, -5*n - 55*c + 56*c - 8 = 0. Let a(l) = -9*l**2 - 3*l + 1. Give a(n).
-71
Let b(z) = -8*z - 30. Let i(x) be the third derivative of -x**4/8 - 11*x**3/6 + 4*x**2 - 21*x. Let f(l) = -4*b(l) + 11*i(l). Determine f(-7).
6
Let m(l) = -11*l**3 + 25*l**2 - 9*l - 3. Let x(a) = 3*a**3 - 4*a**2 + 2*a. Let j(g) = -m(g) - 6*x(g). What is j(2)?
-63
Let s(r) = -3*r**2 + 1943 + 4*r**2 + 28*r + 2*r**2 - 1798 - 2*r**2. What is s(-22)?
13
Let q be (105/(-6) - 1)/((-4)/48). Let r(x) = q - 102 - 119 - 5*x. Give r(-2).
11
Let r(o) = -6 - 12*o**3 - 11*o**3 - 2*o**3 + 24*o**3 + 5*o**2 - 4*o. Suppose -5*c + 40 = -5*x, -22*c + 17*c - 4*x + 4 = 0. What is r(c)?
-6
Let p be (1*-2)/(10/(-15)). Let c(w) be the third derivative of -w**6/180 - 5*w**4/4 + 30*w**2. Let f(s) be the second derivative of c(s). Give f(p).
-12
Suppose -19 = -4*u + 4*i + 1, 5*i + 10 = 0. Let r be (-4 + u)*-1 + 2. Let w(z) = 5*z - 7. Give w(r).
8
Let o(w) = -14*w - 16. Let y be o(-9). Let n(p) = -5*p + y - p 